{"id":43,"date":"2022-12-02T13:38:11","date_gmt":"2022-12-02T12:38:11","guid":{"rendered":"http:\/\/voyancedestin.fr\/?page_id=43"},"modified":"2023-06-14T22:30:51","modified_gmt":"2023-06-14T20:30:51","slug":"tarifs-voyance","status":"publish","type":"page","link":"https:\/\/voyancedestin.fr\/index.php\/tarifs-voyance\/","title":{"rendered":"Tarifs Voyance"},"content":{"rendered":"\n<div class=\"wp-block-group\"><div class=\"wp-block-group__inner-container is-layout-constrained wp-block-group-is-layout-constrained\">\n<p class=\"has-text-align-center\">Les consultations se font \u00e0 distance.<\/p>\n\n\n\n<p class=\"has-text-align-center\">Sur rendez-vous.<\/p>\n\n\n\n<p class=\"has-text-align-center\">Pour les consultations \u00e0 distance elles se font par t\u00e9l\u00e9phone ou visio. <br>Le paiement se fait via <strong>Sumup<\/strong> par CB s\u00e9curis\u00e9.<\/p>\n\n\n<div class=\"wp-block-image\">\n<figure class=\"aligncenter size-full is-resized\"><img loading=\"lazy\" decoding=\"async\" src=\"https:\/\/voyancedestin.fr\/wp-content\/uploads\/2022\/12\/sumup.png\" alt=\"\" class=\"wp-image-158\" width=\"186\" height=\"54\" srcset=\"https:\/\/voyancedestin.fr\/wp-content\/uploads\/2022\/12\/sumup.png 417w, https:\/\/voyancedestin.fr\/wp-content\/uploads\/2022\/12\/sumup-300x87.png 300w, https:\/\/voyancedestin.fr\/wp-content\/uploads\/2022\/12\/sumup-207x60.png 207w\" sizes=\"auto, (max-width: 186px) 100vw, 186px\" \/><\/figure>\n<\/div>\n\n\n<p class=\"has-text-align-center\"><strong>Contactez-moi uniquement par le formulaire <strong><a href=\"https:\/\/voyancedestin.fr\/index.php\/contact\/\">ici<\/a><\/strong> et je vous rappelle<\/strong>.<\/p>\n<\/div><\/div>\n\n\n\n<div class=\"wp-block-group\"><div class=\"wp-block-group__inner-container is-layout-constrained wp-block-group-is-layout-constrained\">\n<p class=\"has-text-align-center\"><strong><a href=\"https:\/\/veronique-constantin.sumupstore.com\/article\/voyance-1h\">Je consulte par t\u00e9l\u00e9phone ou visio, 1h : <strong>Tarif 60 \u20ac<\/strong><\/a><a href=\"https:\/\/pay.sumup.io\/b2c\/QAZ6GVBU\"><br><\/a><a href=\"https:\/\/veronique-constantin.sumupstore.com\/article\/voyance-45-mins\">Je consulte par t\u00e9l\u00e9phone ou visio, de 45 mns : <strong>Tarif 45 \u20ac<\/strong><\/a><br><a href=\"https:\/\/veronique-constantin.sumupstore.com\/article\/voyance-30-mins\">Je consulte par t\u00e9l\u00e9phone ou visio, de 30 mns : <strong>Tarif 30 \u20ac<\/strong><\/a><\/strong><br><strong><a href=\"https:\/\/veronique-constantin.sumupstore.com\/article\/une-question-1\">Je consulte par t\u00e9l\u00e9phone ou visio, Une question : Tarif 15 \u20ac <\/a><\/strong><\/p>\n<\/div><\/div>\n\n\n\n<figure class=\"wp-block-gallery has-nested-images columns-default is-cropped wp-block-gallery-1 is-layout-flex wp-block-gallery-is-layout-flex\"><\/figure>\n\n\n\n<div class=\"wp-block-group\"><div class=\"wp-block-group__inner-container is-layout-constrained wp-block-group-is-layout-constrained\">\n<p class=\"has-text-align-center\"><\/p>\n<\/div><\/div>\n","protected":false},"excerpt":{"rendered":"<p>Les consultations se font \u00e0 distance. Sur rendez-vous. Pour les consultations \u00e0 distance elles se font par t\u00e9l\u00e9phone ou visio. Le paiement se fait via Sumup par CB s\u00e9curis\u00e9. Contactez-moi uniquement par le formulaire ici et je vous rappelle. Je consulte par t\u00e9l\u00e9phone ou visio, 1h : Tarif 60 \u20acJe consulte par t\u00e9l\u00e9phone ou visio, de 45 mns : Tarif 45 \u20acJe consulte par t\u00e9l\u00e9phone ou visio, de 30 mns : Tarif 30 \u20acJe consulte par t\u00e9l\u00e9phone ou visio, Une question : Tarif 15 \u20ac<\/p>\n","protected":false},"author":1,"featured_media":0,"parent":0,"menu_order":0,"comment_status":"closed","ping_status":"closed","template":"","meta":{"_themeisle_gutenberg_block_has_review":false,"footnotes":""},"class_list":["post-43","page","type-page","status-publish","hentry"],"_links":{"self":[{"href":"https:\/\/voyancedestin.fr\/index.php\/wp-json\/wp\/v2\/pages\/43","targetHints":{"allow":["GET"]}}],"collection":[{"href":"https:\/\/voyancedestin.fr\/index.php\/wp-json\/wp\/v2\/pages"}],"about":[{"href":"https:\/\/voyancedestin.fr\/index.php\/wp-json\/wp\/v2\/types\/page"}],"author":[{"embeddable":true,"href":"https:\/\/voyancedestin.fr\/index.php\/wp-json\/wp\/v2\/users\/1"}],"replies":[{"embeddable":true,"href":"https:\/\/voyancedestin.fr\/index.php\/wp-json\/wp\/v2\/comments?post=43"}],"version-history":[{"count":48,"href":"https:\/\/voyancedestin.fr\/index.php\/wp-json\/wp\/v2\/pages\/43\/revisions"}],"predecessor-version":[{"id":275,"href":"https:\/\/voyancedestin.fr\/index.php\/wp-json\/wp\/v2\/pages\/43\/revisions\/275"}],"wp:attachment":[{"href":"https:\/\/voyancedestin.fr\/index.php\/wp-json\/wp\/v2\/media?parent=43"}],"curies":[{"name":"wp","href":"https:\/\/api.w.org\/{rel}","templated":true}]}}