{"id":41,"date":"2022-12-02T13:34:12","date_gmt":"2022-12-02T12:34:12","guid":{"rendered":"http:\/\/voyancedestin.fr\/?page_id=41"},"modified":"2022-12-26T04:25:15","modified_gmt":"2022-12-26T03:25:15","slug":"mediumnite","status":"publish","type":"page","link":"https:\/\/voyancedestin.fr\/index.php\/mediumnite\/","title":{"rendered":"La M\u00e9diumnit\u00e9"},"content":{"rendered":"\n<div class=\"wp-block-group\"><div class=\"wp-block-group__inner-container is-layout-constrained wp-block-group-is-layout-constrained\"><div class=\"wp-block-image\">\n<figure class=\"aligncenter size-full is-resized\"><img loading=\"lazy\" decoding=\"async\" src=\"https:\/\/voyancedestin.fr\/wp-content\/uploads\/2022\/12\/medium.jpg\" alt=\"\" class=\"wp-image-141\" width=\"480\" height=\"193\" srcset=\"https:\/\/voyancedestin.fr\/wp-content\/uploads\/2022\/12\/medium.jpg 612w, https:\/\/voyancedestin.fr\/wp-content\/uploads\/2022\/12\/medium-300x121.jpg 300w, https:\/\/voyancedestin.fr\/wp-content\/uploads\/2022\/12\/medium-149x60.jpg 149w\" sizes=\"auto, (max-width: 480px) 100vw, 480px\" \/><\/figure>\n<\/div>\n\n\n<p class=\"has-text-align-center\">Qu\u2019est-ce que la M\u00e9diumnit\u00e9 ?<\/p>\n\n\n\n<p class=\"has-text-align-center\">Le m\u00e9dium lui, comme son nom l\u2019indique est \u00ab entre deux mondes \u00bb.Ainsi, il re\u00e7oit de fa\u00e7on directe les messages qui viennent d\u2019autres plans afin de les communiquer, de les traduire pour le monde des vivants.<\/p>\n\n\n\n<p class=\"has-text-align-center\">Le m\u00e9dium est un canal, un passeur, un interpr\u00e8te, un traducteur.<\/p>\n\n\n\n<p class=\"has-text-align-center\">L\u2019\u00e9criture m\u00e9diumnique ou automatique, la transmission verbale (message diffus\u00e9 par la voix qui quelquefois ne ressemble pas du tout \u00e0 celle du m\u00e9dium), sont les outils qu\u2019il utilise pour transmettre ces messages.<\/p>\n\n\n\n<p class=\"has-text-align-center\">Les m\u00e9diums n\u2019ont pas tous les m\u00eames missions.<\/p>\n\n\n\n<p class=\"has-text-align-center\">Certains pratiquent le contact avec les d\u00e9funts.<\/p>\n\n\n\n<p class=\"has-text-align-center\">D\u2019autres avec les Anges, les Ma\u00eetres Ascensionn\u00e9s, les Guides Spirituels, les Esprits de la Nature, etc\u2026<\/p>\n\n\n\n<p class=\"has-text-align-center\">Pour ma part, je suis m\u00e9dium et voyante.<\/p>\n\n\n\n<p class=\"has-text-align-center\">En m\u00e9diumnit\u00e9, je connecte les \u00e9nergies et les mondes subtils de la deuxi\u00e8me cat\u00e9gorie (anges, guides, etc\u2026).<\/p>\n\n\n\n<p class=\"has-text-align-center\">Je travaille uniquement sur Rendez-vous.<\/p>\n<\/div><\/div>\n","protected":false},"excerpt":{"rendered":"<p>Qu\u2019est-ce que la M\u00e9diumnit\u00e9 ? Le m\u00e9dium lui, comme son nom l\u2019indique est \u00ab entre deux mondes \u00bb.Ainsi, il re\u00e7oit de fa\u00e7on directe les messages qui viennent d\u2019autres plans afin de les communiquer, de les traduire pour le monde des vivants. Le m\u00e9dium est un canal, un passeur, un interpr\u00e8te, un traducteur. L\u2019\u00e9criture m\u00e9diumnique ou automatique, la transmission verbale (message diffus\u00e9 par la voix qui quelquefois ne ressemble pas du tout \u00e0 celle du m\u00e9dium), sont les outils qu\u2019il utilise pour transmettre ces messages. Les m\u00e9diums n\u2019ont pas tous les m\u00eames missions. Certains pratiquent le contact avec les d\u00e9funts. D\u2019autres avec les Anges, les Ma\u00eetres Ascensionn\u00e9s, les Guides Spirituels, les Esprits de la Nature, etc\u2026 Pour ma part, je suis m\u00e9dium et voyante. En m\u00e9diumnit\u00e9, je connecte les \u00e9nergies et les mondes subtils de la deuxi\u00e8me cat\u00e9gorie (anges, guides, etc\u2026). Je travaille uniquement sur Rendez-vous.<\/p>\n","protected":false},"author":1,"featured_media":0,"parent":0,"menu_order":0,"comment_status":"closed","ping_status":"closed","template":"","meta":{"_themeisle_gutenberg_block_has_review":false,"footnotes":""},"class_list":["post-41","page","type-page","status-publish","hentry"],"_links":{"self":[{"href":"https:\/\/voyancedestin.fr\/index.php\/wp-json\/wp\/v2\/pages\/41","targetHints":{"allow":["GET"]}}],"collection":[{"href":"https:\/\/voyancedestin.fr\/index.php\/wp-json\/wp\/v2\/pages"}],"about":[{"href":"https:\/\/voyancedestin.fr\/index.php\/wp-json\/wp\/v2\/types\/page"}],"author":[{"embeddable":true,"href":"https:\/\/voyancedestin.fr\/index.php\/wp-json\/wp\/v2\/users\/1"}],"replies":[{"embeddable":true,"href":"https:\/\/voyancedestin.fr\/index.php\/wp-json\/wp\/v2\/comments?post=41"}],"version-history":[{"count":6,"href":"https:\/\/voyancedestin.fr\/index.php\/wp-json\/wp\/v2\/pages\/41\/revisions"}],"predecessor-version":[{"id":264,"href":"https:\/\/voyancedestin.fr\/index.php\/wp-json\/wp\/v2\/pages\/41\/revisions\/264"}],"wp:attachment":[{"href":"https:\/\/voyancedestin.fr\/index.php\/wp-json\/wp\/v2\/media?parent=41"}],"curies":[{"name":"wp","href":"https:\/\/api.w.org\/{rel}","templated":true}]}}